{"id":27674,"date":"2019-03-26T10:14:00","date_gmt":"2019-03-26T10:14:00","guid":{"rendered":"http:\/\/www.scmlondon.org\/?page_id=27674"},"modified":"2020-03-20T10:46:04","modified_gmt":"2020-03-20T10:46:04","slug":"sviatosti-krestanskej-iniciacie-pre-dospelych","status":"publish","type":"page","link":"https:\/\/www.scmlondon.org\/?page_id=27674","title":{"rendered":"SVIATOSTI KRES\u0164ANSKEJ INICI\u00c1CIE PRE DOSPEL\u00ddCH"},"content":{"rendered":"<h3 style=\"text-align: center;\"><span style=\"color: #ff0000;\">Mil\u00ed \u010dlenovia SCM, n\u00e1v\u0161tevn\u00edci, drah\u00ed priatelia.<\/span><\/h3>\n<h3 style=\"text-align: center;\"><span style=\"color: #ff0000;\">Pre pand\u00e9miu koronav\u00edrusu Slovensk\u00e1 katol\u00edcka misia v Lodn\u00fdne &#8211;<\/span><\/h3>\n<h3 style=\"text-align: center;\"><span style=\"color: #ff0000;\">na z\u00e1klade nariadenia Katol\u00edckej konferencie biskupov Anglicka a Walesu &#8211;<\/span><\/h3>\n<h3 style=\"text-align: center;\"><span style=\"color: #ff0000;\">do\u010dasne preru\u0161uje (pozastavuje) svoju \u010dinnos\u0165.\u00a0<\/span><\/h3>\n<h3 style=\"text-align: center;\"><span style=\"color: #ff0000;\">S\u00fa zak\u00e1zan\u00e9 ak\u00e9ko\u013evek verejn\u00e9 sl\u00e1venia litrugick\u00fdch sl\u00e1vnost\u00ed v kostole \u2013<\/span><\/h3>\n<h3 style=\"text-align: center;\"><span style=\"color: #ff0000;\">om\u0161\u00ed, pobo\u017enost\u00ed, sviatost\u00ed, pr\u00edprav at\u010f. <\/span><\/h3>\n<h3 style=\"text-align: center;\"><span style=\"color: #ff0000;\">a\u017e do ozn\u00e1menia nov\u00fdch in\u0161trukci\u00ed, <\/span><\/h3>\n<h3 style=\"text-align: center;\"><span style=\"color: #ff0000;\">ktor\u00e9 bud\u00fa po ich vydan\u00ed kompetentnou autoritou <\/span><\/h3>\n<h3 style=\"text-align: center;\"><span style=\"color: #ff0000;\">bezodkladne zverejnen\u00e9 na na\u0161ej webovej str\u00e1nke.<\/span><\/h3>\n<p>&nbsp;<\/p>\n<h3>SVIATOSTI KRES\u0164ANSKEJ INICI\u00c1CIE PRE DOSPEL\u00ddCH<br \/>\n<strong>(<\/strong><strong>krst, 1.sv.prij\u00edmanie a birmovka pre dospel\u00fdch)<\/strong><\/h3>\n<p style=\"text-align: justify;\">Dospievaj\u00faci a\u00a0dospel\u00ed, ktor\u00ed sa chc\u00fa prihl\u00e1si\u0165 na pr\u00edpravu ku sviatostiam kres\u0165anskej inici\u00e1cie (krstu, 1.sv.prij\u00edmaniu a birmovke), m\u00f4\u017eu tak urobi\u0165 prostredn\u00edctvom emailu <a href=\"mailto:info@scmlondon.org\">info@scmlondon.org<\/a>\u00a0do 13. septembra 2020 alebo osobne na misii v\u00a0\u010dase str\u00e1nkov\u00fdch hod\u00edn (treba si dohodn\u00fa\u0165 stretnutie s k\u0148azom cez email secretary@scmlondon.org), kde v\u00e1m m\u00f4\u017ee plne zodpoveda\u0165 v\u0161etky ot\u00e1zky spojen\u00e9 s\u00a0pr\u00edpravou.<\/p>\n<p>Pr\u00edprava bude jednoro\u010dn\u00e1\u00a0a\u00a0bude prebieha\u0165 pribli\u017ene 2x za mesiac od okt\u00f3bra\u00a02019 do novembra\u00a02020.<\/p>\n<h3>Related Images:<\/h3>","protected":false},"excerpt":{"rendered":"<p>Mil\u00ed \u010dlenovia SCM, n\u00e1v\u0161tevn\u00edci, drah\u00ed priatelia. Pre pand\u00e9miu koronav\u00edrusu Slovensk\u00e1 katol\u00edcka misia v Lodn\u00fdne &#8211; na z\u00e1klade nariadenia Katol\u00edckej konferencie biskupov Anglicka a Walesu &#8211; do\u010dasne preru\u0161uje (pozastavuje) svoju \u010dinnos\u0165.\u00a0&#8230; <a class=\"meta-more\" href=\"https:\/\/www.scmlondon.org\/?page_id=27674\">Pokra\u010dova\u0165 v \u010d\u00edtan\u00ed <span class=\"meta-nav\">&raquo;<\/span><\/a><\/p>\n","protected":false},"author":417,"featured_media":0,"parent":10272,"menu_order":0,"comment_status":"closed","ping_status":"closed","template":"","meta":{"ngg_post_thumbnail":0,"footnotes":""},"class_list":["post-27674","page","type-page","status-publish","hentry"],"_links":{"self":[{"href":"https:\/\/www.scmlondon.org\/index.php?rest_route=\/wp\/v2\/pages\/27674","targetHints":{"allow":["GET"]}}],"collection":[{"href":"https:\/\/www.scmlondon.org\/index.php?rest_route=\/wp\/v2\/pages"}],"about":[{"href":"https:\/\/www.scmlondon.org\/index.php?rest_route=\/wp\/v2\/types\/page"}],"author":[{"embeddable":true,"href":"https:\/\/www.scmlondon.org\/index.php?rest_route=\/wp\/v2\/users\/417"}],"replies":[{"embeddable":true,"href":"https:\/\/www.scmlondon.org\/index.php?rest_route=%2Fwp%2Fv2%2Fcomments&post=27674"}],"version-history":[{"count":2,"href":"https:\/\/www.scmlondon.org\/index.php?rest_route=\/wp\/v2\/pages\/27674\/revisions"}],"predecessor-version":[{"id":29331,"href":"https:\/\/www.scmlondon.org\/index.php?rest_route=\/wp\/v2\/pages\/27674\/revisions\/29331"}],"up":[{"embeddable":true,"href":"https:\/\/www.scmlondon.org\/index.php?rest_route=\/wp\/v2\/pages\/10272"}],"wp:attachment":[{"href":"https:\/\/www.scmlondon.org\/index.php?rest_route=%2Fwp%2Fv2%2Fmedia&parent=27674"}],"curies":[{"name":"wp","href":"https:\/\/api.w.org\/{rel}","templated":true}]}}