{"id":27671,"date":"2019-03-26T10:10:48","date_gmt":"2019-03-26T10:10:48","guid":{"rendered":"http:\/\/www.scmlondon.org\/?page_id=27671"},"modified":"2020-03-20T10:43:51","modified_gmt":"2020-03-20T10:43:51","slug":"1-sv-prijimanie-pre-deti-do-14-roku-zivota","status":"publish","type":"page","link":"https:\/\/www.scmlondon.org\/?page_id=27671","title":{"rendered":"1.SV.PRIJ\u00cdMANIE PRE DETI DO 14. ROKU \u017dIVOTA"},"content":{"rendered":"<h3 style=\"text-align: center;\"><span style=\"color: #ff0000;\">Mil\u00ed \u010dlenovia SCM, n\u00e1v\u0161tevn\u00edci, drah\u00ed priatelia.<\/span><\/h3>\n<h3 style=\"text-align: center;\"><span style=\"color: #ff0000;\">Pre pand\u00e9miu koronav\u00edrusu Slovensk\u00e1 katol\u00edcka misia v Lodn\u00fdne &#8211;<\/span><\/h3>\n<h3 style=\"text-align: center;\"><span style=\"color: #ff0000;\">na z\u00e1klade nariadenia Katol\u00edckej konferencie biskupov Anglicka a Walesu &#8211;<\/span><\/h3>\n<h3 style=\"text-align: center;\"><span style=\"color: #ff0000;\">do\u010dasne preru\u0161uje (pozastavuje) svoju \u010dinnos\u0165.\u00a0<\/span><\/h3>\n<h3 style=\"text-align: center;\"><span style=\"color: #ff0000;\">S\u00fa zak\u00e1zan\u00e9 ak\u00e9ko\u013evek verejn\u00e9 sl\u00e1venia litrugick\u00fdch sl\u00e1vnost\u00ed v kostole \u2013<\/span><\/h3>\n<h3 style=\"text-align: center;\"><span style=\"color: #ff0000;\">om\u0161\u00ed, pobo\u017enost\u00ed, sviatost\u00ed, pr\u00edprav at\u010f. <\/span><\/h3>\n<h3 style=\"text-align: center;\"><span style=\"color: #ff0000;\">a\u017e do ozn\u00e1menia nov\u00fdch in\u0161trukci\u00ed, <\/span><\/h3>\n<h3 style=\"text-align: center;\"><span style=\"color: #ff0000;\">ktor\u00e9 bud\u00fa po ich vydan\u00ed kompetentnou autoritou <\/span><\/h3>\n<h3 style=\"text-align: center;\"><span style=\"color: #ff0000;\">bezodkladne zverejnen\u00e9 na na\u0161ej webovej str\u00e1nke.<\/span><\/h3>\n<p>&nbsp;<\/p>\n<h3><strong>1.SV.PRIJ\u00cdMANIE PRE DETI DO 14. ROKU \u017dIVOTA<br \/>\n<\/strong><\/h3>\n<p style=\"text-align: justify;\">Rodi\u010dia malolet\u00fdch det\u00ed (do 14. roku \u017eivota) m\u00f4\u017eu osobne prihl\u00e1si\u0165 iba svoje vlastn\u00e9 deti\u00a0 k pr\u00edprave k 1. sv. prij\u00edmaniu duchovn\u00e9mu spr\u00e1vcovi misie alebo n\u00edm poverenej osobe\u00a0na misii.<br \/>\nPrihl\u00e1senie je mo\u017en\u00e9 uskuto\u010dni\u0165 v\u00a0\u010dase <a href=\"http:\/\/www.scmlondon.org\/?page_id=6\" target=\"_blank\">str\u00e1nkov\u00fdch hod\u00edn<\/a>, kde v\u00e1m m\u00f4\u017ee k\u0148az alebo n\u00edm poveren\u00e1 osoba plne zodpoveda\u0165 v\u0161etky ot\u00e1zky spojen\u00e9 s\u00a0pr\u00edpravou<a href=\"http:\/\/www.scmlondon.org\/?page_id=6\" target=\"_blank\">.<\/a> <strong>Term\u00edn prihlasovania pre rok 2020 &#8211; 2021 je od 14. septembra do 27. septembra 2020. Po tomto term\u00edne sa nebude bra\u0165 oh\u013ead na \u017eiadne \u010fal\u0161ie \u017eiadosti.<\/strong><br \/>\nToto obdobie prihlasovania bude pripomenut\u00e9 a vyhl\u00e1sen\u00e9 v nede\u013en\u00fdch oznamoch a na webstr\u00e1nke SCM jeden mesiac pred vy\u0161\u0161ie uveden\u00fdm term\u00ednom.<br \/>\nK 1.sv. prij\u00edmaniu sa prij\u00edmaj\u00fa deti, ktor\u00e9 v \u010dase sl\u00e1venia a prijatia sviatost\u00ed (apr\u00edl 2021) dov\u0155\u0161ia 10.rok \u017eivota.<\/p>\n","protected":false},"excerpt":{"rendered":"<p>Mil\u00ed \u010dlenovia SCM, n\u00e1v\u0161tevn\u00edci, drah\u00ed priatelia. Pre pand\u00e9miu koronav\u00edrusu Slovensk\u00e1 katol\u00edcka misia v Lodn\u00fdne &#8211; na z\u00e1klade nariadenia Katol\u00edckej konferencie biskupov Anglicka a Walesu &#8211; do\u010dasne preru\u0161uje (pozastavuje) svoju \u010dinnos\u0165.\u00a0&#8230; <a class=\"meta-more\" href=\"https:\/\/www.scmlondon.org\/?page_id=27671\">Pokra\u010dova\u0165 v \u010d\u00edtan\u00ed <span class=\"meta-nav\">&raquo;<\/span><\/a><\/p>\n","protected":false},"author":417,"featured_media":0,"parent":10272,"menu_order":0,"comment_status":"closed","ping_status":"closed","template":"","meta":{"footnotes":""},"class_list":["post-27671","page","type-page","status-publish","hentry"],"_links":{"self":[{"href":"https:\/\/www.scmlondon.org\/index.php?rest_route=\/wp\/v2\/pages\/27671","targetHints":{"allow":["GET"]}}],"collection":[{"href":"https:\/\/www.scmlondon.org\/index.php?rest_route=\/wp\/v2\/pages"}],"about":[{"href":"https:\/\/www.scmlondon.org\/index.php?rest_route=\/wp\/v2\/types\/page"}],"author":[{"embeddable":true,"href":"https:\/\/www.scmlondon.org\/index.php?rest_route=\/wp\/v2\/users\/417"}],"replies":[{"embeddable":true,"href":"https:\/\/www.scmlondon.org\/index.php?rest_route=%2Fwp%2Fv2%2Fcomments&post=27671"}],"version-history":[{"count":3,"href":"https:\/\/www.scmlondon.org\/index.php?rest_route=\/wp\/v2\/pages\/27671\/revisions"}],"predecessor-version":[{"id":29330,"href":"https:\/\/www.scmlondon.org\/index.php?rest_route=\/wp\/v2\/pages\/27671\/revisions\/29330"}],"up":[{"embeddable":true,"href":"https:\/\/www.scmlondon.org\/index.php?rest_route=\/wp\/v2\/pages\/10272"}],"wp:attachment":[{"href":"https:\/\/www.scmlondon.org\/index.php?rest_route=%2Fwp%2Fv2%2Fmedia&parent=27671"}],"curies":[{"name":"wp","href":"https:\/\/api.w.org\/{rel}","templated":true}]}}