{"id":17686,"date":"2014-05-31T16:14:17","date_gmt":"2014-05-31T15:14:17","guid":{"rendered":"http:\/\/www.scmlondon.org\/?page_id=17686"},"modified":"2025-08-24T20:10:37","modified_gmt":"2025-08-24T19:10:37","slug":"bohosluzby-vo-warringtone","status":"publish","type":"page","link":"https:\/\/www.scmlondon.org\/?page_id=17686","title":{"rendered":"WARRINGTON"},"content":{"rendered":"<div style=\"text-align: justify;\">Z rozhodnutia Konferencie biskupov Slovenska (KBS) bol v roku 2021 d\u00f4stojn\u00fd p\u00e1n Marek Sit\u00e1r prelo\u017een\u00fd na in\u00fa misiu, menovite do Bruselu, pri\u010dom hlavn\u00fdm d\u00f4vodom je nedostatok k\u0148azov pre t\u00fato slu\u017ebu.<\/div>\n<div style=\"text-align: justify;\">Z toho ist\u00e9ho d\u00f4vodu, \u017eia\u013e, nebude mo\u017en\u00e9 vysla\u0165 na jeho miesto in\u00e9ho k\u0148aza.<\/div>\n<div style=\"text-align: justify;\">&nbsp;<\/div>\n<h2 style=\"text-align: center;\"><span style=\"color: #ff0000;\">Z uveden\u00e9ho rozhodnutia KBS <\/span><\/h2>\n<h2 style=\"text-align: center;\"><span style=\"color: #ff0000;\">duchovn\u00e9 slu\u017eby a pastora\u010dn\u00e1 starostlivos\u0165 na severe Anglicka<\/span><\/h2>\n<h2 style=\"text-align: center;\"><span style=\"color: #ff0000;\">do\u010dasne&nbsp;nie je&nbsp;poskytovan\u00e1 slovensk\u00fdm k\u0148azom.<\/span><\/h2>\n<p>&nbsp;<\/p>\n<p>&nbsp;<\/p>\n\n\n<p><\/p>\n","protected":false},"excerpt":{"rendered":"<p>Z rozhodnutia Konferencie biskupov Slovenska (KBS) bol v roku 2021 d\u00f4stojn\u00fd p\u00e1n Marek Sit\u00e1r prelo\u017een\u00fd na in\u00fa misiu, menovite do Bruselu, pri\u010dom hlavn\u00fdm d\u00f4vodom je nedostatok k\u0148azov pre t\u00fato slu\u017ebu&#8230;. <a class=\"meta-more\" href=\"https:\/\/www.scmlondon.org\/?page_id=17686\">Pokra\u010dova\u0165 v \u010d\u00edtan\u00ed <span class=\"meta-nav\">&raquo;<\/span><\/a><\/p>\n","protected":false},"author":417,"featured_media":0,"parent":12229,"menu_order":4,"comment_status":"open","ping_status":"closed","template":"","meta":{"footnotes":""},"class_list":["post-17686","page","type-page","status-publish","hentry"],"_links":{"self":[{"href":"https:\/\/www.scmlondon.org\/index.php?rest_route=\/wp\/v2\/pages\/17686","targetHints":{"allow":["GET"]}}],"collection":[{"href":"https:\/\/www.scmlondon.org\/index.php?rest_route=\/wp\/v2\/pages"}],"about":[{"href":"https:\/\/www.scmlondon.org\/index.php?rest_route=\/wp\/v2\/types\/page"}],"author":[{"embeddable":true,"href":"https:\/\/www.scmlondon.org\/index.php?rest_route=\/wp\/v2\/users\/417"}],"replies":[{"embeddable":true,"href":"https:\/\/www.scmlondon.org\/index.php?rest_route=%2Fwp%2Fv2%2Fcomments&post=17686"}],"version-history":[{"count":12,"href":"https:\/\/www.scmlondon.org\/index.php?rest_route=\/wp\/v2\/pages\/17686\/revisions"}],"predecessor-version":[{"id":32880,"href":"https:\/\/www.scmlondon.org\/index.php?rest_route=\/wp\/v2\/pages\/17686\/revisions\/32880"}],"up":[{"embeddable":true,"href":"https:\/\/www.scmlondon.org\/index.php?rest_route=\/wp\/v2\/pages\/12229"}],"wp:attachment":[{"href":"https:\/\/www.scmlondon.org\/index.php?rest_route=%2Fwp%2Fv2%2Fmedia&parent=17686"}],"curies":[{"name":"wp","href":"https:\/\/api.w.org\/{rel}","templated":true}]}}