{"id":17006,"date":"2014-02-26T00:14:51","date_gmt":"2014-02-26T00:14:51","guid":{"rendered":"http:\/\/www.scmlondon.org\/?page_id=17006"},"modified":"2021-01-31T10:08:07","modified_gmt":"2021-01-31T10:08:07","slug":"krsty-a-sobase","status":"publish","type":"page","link":"https:\/\/www.scmlondon.org\/?page_id=17006","title":{"rendered":"SVIATOSTI A IN\u00c9"},"content":{"rendered":"<p><a href=\"\/?page_id=24123\"><strong>Krsty<\/strong><\/a><br \/>\n<a href=\"\/?page_id=24128\"><strong>Sob\u00e1\u0161e<\/strong><\/a><br \/>\n<a href=\"\/?page_id=10272\"><strong>Ostatn\u00e9<\/strong><\/a><\/p>\n<p style=\"text-align: center;\"><strong>Mil\u00ed \u010dlenovia SCM, n\u00e1v\u0161tevn\u00edci, drah\u00ed priatelia.<\/strong><\/p>\n<p style=\"text-align: center;\" align=\"center\"><strong>Pre pand\u00e9miu koronav\u00edrusu a<\/strong><span class=\"apple-converted-space\">\u00a0<\/span><strong>na z\u00e1klade aktu\u00e1lnych nariaden\u00ed<br \/>\nBritskej vl\u00e1dy<\/strong><span class=\"apple-converted-space\"><b>\u00a0Spojen\u00e9ho kr\u00e1\u013eovstva Ve\u013ekej Brit\u00e1nie<\/b><\/span><b><br \/>\n<strong>a Katol\u00edckej konferencie biskupov Anglicka a Walesu,\u00a0<\/strong><\/b><\/p>\n<p style=\"text-align: center;\" align=\"center\"><strong><span style=\"color: #ff0000;\">Slovensk\u00e1 katol\u00edcka misia v Lodn\u00fdne <\/span><\/strong><b><strong><span style=\"color: #ff0000;\">v niektor\u00fdch slu\u017eb\u00e1ch<\/span><br \/>\n(pobo\u017enosti, pr\u00edpravy k sviatostiam, \u00a0at\u010f.)<\/strong><span class=\"apple-converted-space\">\u00a0<\/span><\/b><\/p>\n<p style=\"text-align: center;\" align=\"center\"><span style=\"color: #ff0000;\"><strong>do\u010dasne\u00a0preru\u0161uje (pozastavuje) svoju \u010dinnos\u0165.<\/strong><\/span><\/p>\n<p style=\"text-align: center;\" align=\"center\"><strong>Niektor\u00e9 slu\u017eby je mo\u017en\u00e9 poskytn\u00fa\u0165,<\/strong><span class=\"apple-converted-space\"><b>\u00a0<\/b><\/span><b><br \/>\n<strong>av\u0161ak iba v r\u00e1mci aktu\u00e1lnych re\u0161trikci\u00ed vydan\u00fdch<\/strong><span class=\"apple-converted-space\">\u00a0<\/span><strong>Britskou vl\u00e1dou<\/strong><span class=\"apple-converted-space\">\u00a0<\/span><br \/>\n<strong>a usmerneniami Katol\u00edckej biskupskej konferencie Anglicka a Walesu,<br \/>\n\u010do znamen\u00e1,<\/strong><span class=\"apple-converted-space\">\u00a0\u017ee\u00a0<\/span><\/b><\/p>\n<p align=\"center\"><strong><span style=\"color: #ff0000;\">s\u00fa zak\u00e1zan\u00e9 ak\u00e9ko\u013evek verejn\u00e9 zhroma\u017edenia<\/span><\/strong><span class=\"apple-converted-space\"><b>\u00a0<\/b><\/span><b><br \/>\n<\/b><strong><span style=\"color: #ff0000;\">okrem sl\u00e1venia sv\u00e4t\u00fdch om\u0161\u00ed a vysluhovania sviatosti zmierenia<br \/>\nv kostole<\/span><\/strong><span style=\"color: #ff0000;\"><span class=\"apple-converted-space\"><b>\u00a0<\/b><\/span><strong>za aktu\u00e1lne stanoven\u00fdch podmienok.<\/strong><\/span><b><\/b><\/p>\n<p align=\"center\"><strong>A\u017e do ozn\u00e1menia nov\u00fdch in\u0161trukci\u00ed,\u00a0<\/strong><\/p>\n<p style=\"text-align: center;\" align=\"center\"><strong>ktor\u00e9 bud\u00fa vydan\u00e9 kompetentnou autoritou,<\/strong><\/p>\n<p style=\"text-align: center;\" align=\"center\"><span style=\"color: #ff0000;\"><strong>teda nie je moment\u00e1lne mo\u017en\u00e9 poskytova\u0165 pr\u00edpravy k sviatostiam.<\/strong><\/span><\/p>\n","protected":false},"excerpt":{"rendered":"<p>Krsty Sob\u00e1\u0161e Ostatn\u00e9 Mil\u00ed \u010dlenovia SCM, n\u00e1v\u0161tevn\u00edci, drah\u00ed priatelia. Pre pand\u00e9miu koronav\u00edrusu a\u00a0na z\u00e1klade aktu\u00e1lnych nariaden\u00ed Britskej vl\u00e1dy\u00a0Spojen\u00e9ho kr\u00e1\u013eovstva Ve\u013ekej Brit\u00e1nie a Katol\u00edckej konferencie biskupov Anglicka a Walesu,\u00a0 Slovensk\u00e1 katol\u00edcka&#8230; <a class=\"meta-more\" href=\"https:\/\/www.scmlondon.org\/?page_id=17006\">Pokra\u010dova\u0165 v \u010d\u00edtan\u00ed <span class=\"meta-nav\">&raquo;<\/span><\/a><\/p>\n","protected":false},"author":826,"featured_media":0,"parent":0,"menu_order":3,"comment_status":"open","ping_status":"closed","template":"","meta":{"footnotes":""},"class_list":["post-17006","page","type-page","status-publish","hentry"],"_links":{"self":[{"href":"https:\/\/www.scmlondon.org\/index.php?rest_route=\/wp\/v2\/pages\/17006","targetHints":{"allow":["GET"]}}],"collection":[{"href":"https:\/\/www.scmlondon.org\/index.php?rest_route=\/wp\/v2\/pages"}],"about":[{"href":"https:\/\/www.scmlondon.org\/index.php?rest_route=\/wp\/v2\/types\/page"}],"author":[{"embeddable":true,"href":"https:\/\/www.scmlondon.org\/index.php?rest_route=\/wp\/v2\/users\/826"}],"replies":[{"embeddable":true,"href":"https:\/\/www.scmlondon.org\/index.php?rest_route=%2Fwp%2Fv2%2Fcomments&post=17006"}],"version-history":[{"count":9,"href":"https:\/\/www.scmlondon.org\/index.php?rest_route=\/wp\/v2\/pages\/17006\/revisions"}],"predecessor-version":[{"id":30338,"href":"https:\/\/www.scmlondon.org\/index.php?rest_route=\/wp\/v2\/pages\/17006\/revisions\/30338"}],"wp:attachment":[{"href":"https:\/\/www.scmlondon.org\/index.php?rest_route=%2Fwp%2Fv2%2Fmedia&parent=17006"}],"curies":[{"name":"wp","href":"https:\/\/api.w.org\/{rel}","templated":true}]}}